inder when z/(-153) + (-4)/v is divided by 29.
27
Suppose -3*h - 59 = 3*k - 2*k, 0 = 3*h - 2*k + 53. Let d(y) = y**2 + 15*y - 62. What is the remainder when -3*(-1)/((-3)/(-67)) is divided by d(h)?
11
Let d(r) = 2*r**3 - 49*r**2 - 23*r - 39. Let l(m) = 23*m**2 - 1. Let g be l(-1). Let w = 41 + g. Calculate the remainder when w is divided by d(25).
8
Let p(d) = -d**2 - 5*d - 2. Suppose -14*h = -h + 39. Let t be p(h). Let u = 12 + t. Calculate the remainder when 46 is divided by u.
14
Suppose 2*a + 3*j = -2*a + 50, -5*a + 3*j = -76. Let q be ((-3)/6)/(-1)*(-1 - -1). Calculate the remainder when 122 - (q + 0) - (2 - 3) is divided by a.
11
Suppose 42 = 151*u - 144*u. Suppose u*m - 7*m = -q + 4, -3*m + 24 = 3*q. What is the remainder when 14 is divided by q?
2
Let f(y) = y**3 + y**2 - 41*y - 11. Let n be f(6). Calculate the remainder when n - 1 - (-150 - -2) is divided by 5.
2
Suppose -v - 2*w - w = -74, 5*w = -5*v + 400. Suppose -6*i + 4*i = 5*q + 56, 0 = i - 2*q + 37. Let a = -11 - i. Calculate the remainder when v is divided by a.
17
Suppose -106 = o + p, -o + 6*o + 523 = 2*p. Suppose 10*c - 12 = 188. What is the remainder when c is divided by o/(-63) + 4/3?
2
Let i(v) = v**3 - 56*v**2 - 50*v - 217. Calculate the remainder when i(57) is divided by 57.
11
Suppose 4*v + 2*c - 6 = 0, 11 = c + 14. Suppose -2*r - v*r + 20 = 0, -3*n = 3*r - 201. What is the remainder when n is divided by 11?
8
Let r(v) = -16*v**2 + 16*v - 520. Let a(w) = -3*w**2 + 3*w - 104. Let j(h) = -11*a(h) + 2*r(h). Calculate the remainder when 208 is divided by j(0).
0
Let z(a) = 11*a**3 - 12*a**2 - 6*a + 6. Let s be z(4). Let t = 6 - 2. Suppose n + 5*b + s = t*n, 5 = b. What is the remainder when n is divided by 22?
19
Suppose 39*o = 19596 + 15309. What is the remainder when o is divided by 242?
169
Suppose -199 = -7*q + 88. Calculate the remainder when 613 is divided by q.
39
Suppose k = -3*c - 7, k - 3 = -6*c + 5*c. What is the remainder when 354 is divided by (4 - k - -55)*1?
48
Let x = 12 + -9. Suppose -y - 189 = 5*s + 247, x*s = 3*y + 1380. What is the remainder when 42 is divided by 6/8 + y/(-32)?
12
Let n(s) = -180*s + 1495. What is the remainder when 151 is divided by n(8)?
41
Let o = 3548 + -3536. Calculate the remainder when 60 is divided by o.
0
Let q be (-2)/6 + (-2)/(-6). Let t be ((q + -1)*1)/(1/(-9)). Suppose -2*y - 7*z + 26 = -t*z, -5*y - z = -35. What is the remainder when y is divided by 4?
0
Let i = 123 - 119. Suppose 11*f + 10 = 6*f, -102 = -i*s + 5*f. Calculate the remainder when 32 is divided by s.
9
Let a = -21559 + 21681. What is the remainder when 217 is divided by a?
95
Let q be (0 - -116)/((-10)/(7 + -2)). Let a = q - -100. Calculate the remainder when 80 is divided by a.
38
Let a = 42 - -1. Suppose 0 = 12*f + 14 + 46. What is the remainder when ((-6)/(-9))/(4/732) - f is divided by a?
41
What is the remainder when 683 is divided by 6/30 + -2*242/(-55)?
8
Suppose -q - 3*q - 17 = -3*i, -5*q + 42 = 2*i. Let w be 2*175/(-15)*-3. Let y = 90 - w. Calculate the remainder when y is divided by i.
9
Let c = 4648 + -4631. Let a be 9/(-2)*(-6)/(-9). Let y(w) = -32*w + 2. Calculate the remainder when y(a) is divided by c.
13
Suppose 2*a = a + 5. Let q = 10 + 5. Suppose g + 6 - q = 0. Calculate the remainder when g is divided by a.
4
Let v(m) = -4 + 14*m - 3 - m - 10*m. Calculate the remainder when v(27) is divided by 32.
10
Let d(y) = y**3 + 30*y**2 + 6*y + 45. Let m be d(-30). What is the remainder when 3 + (-4)/6*(9 + m) is divided by 2/(-8) + (-146)/(-8)?
15
Suppose 102*z - 99*z = -270. Let v = 245 - 131. Let t = z + v. Calculate the remainder when t is divided by 13.
11
Suppose -68 = 5*r + 4*o, 0*r - 2*r - o = 26. Calculate the remainder when 59 is divided by (r/5)/(-8 + 156/20).
11
Suppose 1675 = 5*u + 5545. Let h = -756 - u. What is the remainder when 117 is divided by h?
9
Let z be 3*2/(-12) + 1147/2. Suppose -9*d = -219 - z. Suppose -3*a + 92 = a. What is the remainder when d is divided by a?
19
Let i(w) = 3*w + 34. Let q be i(-15). Calculate the remainder when 84 is divided by (-2)/(-4)*(47 - q).
26
Suppose 71*s = 68*s + 120. Suppose s*y - 34*y - 576 = 0. What is the remainder when y is divided by 10?
6
Let f(u) = -179*u**3 - 2*u**2 - 2*u - 1. Let n be f(-1). Let x = -25977 - -26066. Calculate the remainder when x is divided by 1/3 + n/6.
29
Suppose -32*k + 6639 = -47505. Calculate the remainder when k is divided by 11.
9
Let z(f) = -f**3 + 6*f**2 - 4*f + 2. Let u = -139 - -141. What is the remainder when -4 - 5/((-15)/96) is divided by z(u)?
8
Let g be (-28)/49*-7 + 551. Let m = g + -529. Suppose -2*l + 174 = 4*h, -3*h + 5*l + 125 = l. Calculate the remainder when h is divided by m.
17
Let x = -4604 + 4610. What is the remainder when 89 is divided by x?
5
Suppose -q + u = -57 + 47, -q = u - 16. What is the remainder when 204 is divided by q?
9
Let w = 1925 + -1908. Calculate the remainder when 677 is divided by w.
14
Let f = -246 + 526. Suppose -4*w = -0*w + f. Calculate the remainder when -1*(-3 + 1) - w is divided by 19.
15
Let s(a) = 3*a**2 + a. Let u(k) = 45*k + 85. Let l be u(-5). Let g = l - -179. What is the remainder when g is divided by s(2)?
11
What is the remainder when (0 - (0 - 2))/(-17 + 8622/507) is divided by 41?
10
Let w = -67 + 69. Suppose 3*x = 5*g + 10, -g + 13 = 2*g + w*x. What is the remainder when g*3 + (2 - -77) is divided by 12?
10
Let s(u) = -2*u**3 - 18*u**2 - 19*u + 3. Let p be s(-8). Suppose 95 + 40 = p*o. What is the remainder when 59 is divided by o?
4
Suppose 0 = -4*q + 24 + 64. Suppose 193 = -7*a + 2244. What is the remainder when a is divided by q?
7
Suppose -s - 4095*k + 4094*k + 17 = 0, -s + 23 = 4*k. Suppose -4*c = -9*c + 1345. What is the remainder when c is divided by s?
14
Suppose 0*c = -5*c + 45. Suppose 25*z = -z + 26. What is the remainder when c is divided by z?
0
Let k(p) = -164*p + 1072. Calculate the remainder when 612 is divided by k(6).
84
Let h be (111/(-7) - 6/42)/2. Let w(z) = -z**2 + z + 79. What is the remainder when 29 is divided by w(h)?
1
Let c = -2465 + 2562. Let i(a) = -a**3 - 7*a**2 + 5*a + 1. Calculate the remainder when c is divided by i(-8).
22
Let h = -10 + 16. Let c = -171 - -101. Let j = c + 79. Calculate the remainder when j is divided by h.
3
What is the remainder when 226 is divided by 42/18*(18 - 0)?
16
Suppose 18 - 2 = -4*l. Suppose 0 = 3*o - 2*o + 2, -5*u - 57 = o. What is the remainder when u/(-2) + 0 - 2/l is divided by 4?
2
Let y be (12 - 36/6)/2. Suppose 5*d + 3 - 10 = -2*t, -y = -3*t. Calculate the remainder when 1 is divided by d.
0
Let l = 10 + -7. Suppose -4*t - 14 = l*h + t, 4*h = -3*t - 4. Calculate the remainder when 8 is divided by h/13 - (-504)/104.
3
Suppose 0 = -27*i - u + 380, -4*u = -2*i + 29 - 9. What is the remainder when 1130 is divided by i?
10
Suppose 0 = -3*h + 3*c - 642, -5*h - 4*c - 1099 - 16 = 0. Let k = h - -295. What is the remainder when k is divided by 27?
22
Let d(b) = -6*b**3 - 72*b**2 - 265*b + 3. Calculate the remainder when 23302 is divided by d(-4).
292
Suppose -n + 1440 = 9*n. Suppose 19*w - 10*w - n = 0. What is the remainder when 92 is divided by w?
12
Let v(t) = -t**2 + 20*t - 40. Suppose 5*o = -5*h - 155, 75 + 80 = -5*o + h. Let d = o + 48. What is the remainder when 41 is divided by v(d)?
8
What is the remainder when 3427 is divided by ((-69)/9 + 8)/((-591)/198 + 3)?
17
Suppose 14*i + 6 = 11*i, -2*w + 948 = -i. What is the remainder when w is divided by 182?
109
Suppose -91 = -19*m + 1125. Suppose -2*d = 3*n - m, 2*d + 0*n - 64 = 2*n. Calculate the remainder when 119 is divided by d.
23
Suppose 25*g - 7*g = -56*g + 224516. What is the remainder when g is divided by 20?
14
Suppose 0 = -g - 2, -5*m - g + 626 = 128. Calculate the remainder when 162 is divided by m.
62
Let z be 5/2*(15 - -43). Suppose -8 + 12 = -4*v, -3*h = -4*v - z. What is the remainder when 149 is divided by h?
8
Let a = 107 + -62. Let i(l) = -5*l + 4. Let z be i(-9). Let v = -34 + z. Calculate the remainder when a is divided by v.
0
Suppose -3*a = 75*s - 78*s - 24, -23 = -5*s - 2*a. What is the remainder when 1405 is divided by s?
0
Let z(g) = -821*g + 4387. Calculate the remainder when 288 is divided by z(5).
6
Let l(n) = -33*n**3 + 3*n. Let a be l(-3). Suppose -3*s = 